{"id":464,"date":"2018-05-15T00:43:00","date_gmt":"2018-05-14T21:43:00","guid":{"rendered":"https:\/\/wordpress.dankov-themes.com\/andaman\/?page_id=464"},"modified":"2021-05-08T22:16:19","modified_gmt":"2021-05-08T22:16:19","slug":"about-us","status":"publish","type":"page","link":"https:\/\/nexhipack.com\/index.php\/about-us\/","title":{"rendered":"Rreth nesh"},"content":{"rendered":"<p>[vc_row full_width=&#8221;stretch_row&#8221; css=&#8221;.vc_custom_1526388748378{padding-top: 120px !important;padding-bottom: 120px !important;}&#8221; el_class=&#8221;text-center&#8221;][vc_column][vc_row_inner][vc_column_inner offset=&#8221;vc_col-lg-offset-2 vc_col-lg-8 vc_col-md-offset-1 vc_col-md-10&#8243;]<div class=\"promo-block center \">\r\n\t\t\t\t<h1 class=\"title-p-line\">P\u00ebr Nexhi Pack<span class=\"promo-line\"><\/span><\/h1><p>Kompania jon\u00eb \u00ebsht\u00eb e p\u00ebrkushtuar t\u00eb ofroj\u00eb nj\u00eb gam\u00eb t\u00eb gj\u00ebr\u00eb produktesh t\u00eb ambalazhimint t\u00eb ushqimeve dhe pijeve t\u00eb ngrohta ashtu edhe t\u00eb ftohta. <\/p><\/div><p class=\"signature_vc transform\">NexhiPack<\/p>[\/vc_column_inner][\/vc_row_inner][\/vc_column][\/vc_row]<\/p>\n","protected":false},"excerpt":{"rendered":"<p>[vc_row full_width=&#8221;stretch_row&#8221; css=&#8221;.vc_custom_1526388748378{padding-top: 120px !important;padding-bottom: 120px !important;}&#8221; el_class=&#8221;text-center&#8221;][vc_column][vc_row_inner][vc_column_inner offset=&#8221;vc_col-lg-offset-2 vc_col-lg-8 vc_col-md-offset-1 vc_col-md-10&#8243;][\/vc_column_inner][\/vc_row_inner][\/vc_column][\/vc_row]<\/p>\n","protected":false},"author":3,"featured_media":2853,"parent":0,"menu_order":0,"comment_status":"closed","ping_status":"closed","template":"wpb-page-builder.php","meta":{"footnotes":""},"class_list":["post-464","page","type-page","status-publish","has-post-thumbnail","hentry"],"_links":{"self":[{"href":"https:\/\/nexhipack.com\/index.php\/wp-json\/wp\/v2\/pages\/464","targetHints":{"allow":["GET"]}}],"collection":[{"href":"https:\/\/nexhipack.com\/index.php\/wp-json\/wp\/v2\/pages"}],"about":[{"href":"https:\/\/nexhipack.com\/index.php\/wp-json\/wp\/v2\/types\/page"}],"author":[{"embeddable":true,"href":"https:\/\/nexhipack.com\/index.php\/wp-json\/wp\/v2\/users\/3"}],"replies":[{"embeddable":true,"href":"https:\/\/nexhipack.com\/index.php\/wp-json\/wp\/v2\/comments?post=464"}],"version-history":[{"count":3,"href":"https:\/\/nexhipack.com\/index.php\/wp-json\/wp\/v2\/pages\/464\/revisions"}],"predecessor-version":[{"id":3042,"href":"https:\/\/nexhipack.com\/index.php\/wp-json\/wp\/v2\/pages\/464\/revisions\/3042"}],"wp:featuredmedia":[{"embeddable":true,"href":"https:\/\/nexhipack.com\/index.php\/wp-json\/wp\/v2\/media\/2853"}],"wp:attachment":[{"href":"https:\/\/nexhipack.com\/index.php\/wp-json\/wp\/v2\/media?parent=464"}],"curies":[{"name":"wp","href":"https:\/\/api.w.org\/{rel}","templated":true}]}}